st common divisor of 21 and q?
21
Let y be -3 + (-12 + 1 + -3)/(-2). Let p = 10 - y. Calculate the greatest common divisor of p and 12.
6
Suppose -4*r = -2*n - 34, 5*r - 40 = -n + 4*n. Let w = -633 - -1084. Calculate the highest common factor of r and w.
11
Let a be ((6422/39)/(12/18))/(0 + 1). Calculate the highest common divisor of 3211 and a.
247
Let n = 55 - 284. Let k = -193 - n. Calculate the highest common factor of k and 63.
9
Let f(g) = -2*g + 77. Let l be f(-7). Let n = -13 - -17. Suppose 0 = -n*j + a + 40 + 13, 3*j + 3*a = 36. Calculate the highest common divisor of j and l.
13
Let h(p) = 3*p + 437. Let z be h(-7). Calculate the greatest common factor of z and 78.
26
Suppose -7579 + 649 = -24*z + 9*z. Calculate the highest common divisor of 726 and z.
66
Suppose 6*m + 5*n = 2*m - 10, -n - 2 = -4*m. Suppose m = 120*f - 115*f - 120. Calculate the highest common divisor of f and 552.
24
Let c = -17506 + 17734. What is the greatest common divisor of 420 and c?
12
Let s be 5 - -7*(-6)/21. Suppose -s*x + 124 + 21 = -5*c, 5*c = -25. Calculate the highest common divisor of 230 and x.
10
Suppose -3*r - 9 - 4 = -d, 4*r = 2*d - 20. Suppose -2*n + 72 = 5*j - 3*j, 0 = d*j - 3*n - 116. What is the greatest common factor of 8 and j?
8
Let f be 17 + 1 + 1*(-4 - -3). Suppose -15*q - f + 107 = 0. What is the highest common divisor of q and 15?
3
Suppose 7*q - 4*q = -x + 10, 2*x = 8. Suppose -2*h + 3*h = -4, 4*k - q*h = 708. What is the greatest common divisor of k and 50?
25
Let v(q) = -235*q - 1893. Let f be v(-13). Calculate the greatest common divisor of 332 and f.
166
Let s(a) = a**3 + 17*a**2 + 18*a + 40. Suppose -w - 3*w = -n + 60, -64 = 5*w - 4*n. Let h be s(w). Calculate the greatest common factor of 104 and h.
8
Let b(a) = -a**3 - 4*a**2 - 2*a + 1. Let u be b(-5). Suppose 377 + 139 = 6*z. Suppose -89*c + u = -z*c. Calculate the highest common factor of 24 and c.
12
Let u = -216 + 1091. Suppose -19*z = -2*z - 595. Calculate the greatest common divisor of u and z.
35
Let g = 228 - 217. Let k(z) = 11*z**2 + 5*z + 13. Let n be k(4). Calculate the highest common factor of n and g.
11
Let y(o) = o**2 - 21*o - 138. Let g be y(-14). Let b = g - 330. What is the greatest common factor of 286 and b?
22
Suppose 2*i - 5*x + 68 - 219 = 0, -259 = -3*i + x. Suppose 0 = -3*g + 4*k + 198, -3*k + i + 110 = 3*g. Calculate the greatest common divisor of g and 44.
22
Let u(l) = -l**3 - 8*l**2 - 14*l + 9. Let g be u(-6). Let r = 515 - 95. Suppose 15*s - 20*s + r = 0. Calculate the highest common factor of s and g.
21
Let a = 2110 + -519. What is the highest common factor of a and 688?
43
Let y(s) = s**2 - 20*s - 14. Let r be y(25). Let n = 188 - r. What is the highest common factor of 11 and n?
11
Suppose 28*c + 20*c + 2323 - 8851 = 0. What is the greatest common divisor of 136 and c?
136
Let w(z) = -1760*z**3 + 3*z**2 - 3*z - 6. Let g be w(-1). What is the greatest common divisor of 55 and g?
55
Suppose 380 = 6*z + 2252. Let w = 324 + z. Calculate the greatest common divisor of 198 and w.
6
Suppose 2 = -5*c - 3*q, 3*c + 2*q = -q - 6. Suppose 2*r - 236 = -d, c*r - 944 = -4*d + 5*r. What is the greatest common divisor of d and 177?
59
Let q be 5/(-3) + (-224)/(-48). Let y = 6 + q. Suppose -3*l = 4*i - 102, -4*i + l = -2*l - 114. What is the greatest common divisor of i and y?
9
Let w = -61 - 219. Let o be (-60360)/w + -1*3/(-7). Calculate the greatest common factor of o and 54.
54
Suppose 19*b - 19*b = 18*b - 2358. What is the greatest common divisor of 14 and b?
1
Let q be 4/(-8) + (-7315)/2 - 1. Let x = q - -1814. Let b be (-12)/(-28) + x/(-7). Calculate the highest common factor of 24 and b.
24
Let l be (60/(-50))/((2/10)/(-1)). Suppose l*h = -2*h - 776. Let s = h - -185. What is the highest common divisor of s and 11?
11
Let n = 18 - 8. Suppose 0 = -s + f - 1 + 14, s - 4*f = n. Suppose 4*v - 3*z - 1142 = -1107, 5*v - 35 = 5*z. What is the highest common factor of v and s?
14
Let u be (81/12)/(((-1)/(-12))/1). Suppose -2*o + u = 4*x + o, 5*x - 4*o - 140 = 0. What is the highest common divisor of 12 and x?
12
Suppose 4*k - 64 = -4*n, 3*n + 4*k = 5*k + 56. Suppose 3*m + m - 20 = 0. Suppose -m*i = -i - 576. What is the highest common factor of i and n?
18
Let q be (8 + (-10)/(80/68))*-154. What is the greatest common divisor of 1001 and q?
77
Let w = -19194 + 19218. Let h(g) = 7*g**3 - 2*g**2 - g. Let k be h(3). Calculate the highest common divisor of k and w.
24
Let x be 4 - 336/(0 - 4). Let n = -86 - -88. Suppose s + n*u + 17 = 247, s + u - 225 = 0. Calculate the greatest common factor of x and s.
44
Let o be 113 + 17 + 13 + -5. What is the greatest common factor of 92 and o?
46
Let r = -80 - -76. Let a be 3 - ((-24)/6)/r. Suppose 5*g = 3*u + 3*g - 24, -2*u + 5 = -5*g. What is the greatest common factor of a and u?
2
Suppose 6*c + d - 2488 = 0, -c + 3*d + 219 + 202 = 0. What is the highest common factor of 1328 and c?
83
Suppose 99*f = 1248 + 11820. What is the highest common factor of f and 14289?
33
Let w be 1*2*78/4. Suppose -7*j + 2*j + 35 = 0. Suppose -179 = j*u - 2636. What is the greatest common factor of w and u?
39
Suppose 4*l = 1364 - 364. Let r(a) = 298*a - 11890. Let t be r(40). What is the greatest common factor of t and l?
10
Let d = -26 - -43. Let u(x) = -1165*x - 4201. Let b be u(-4). What is the greatest common factor of d and b?
17
Let o be (-26)/(-1) + 0/(-2). Let a(u) = 5*u - 3. Let z be a(13). Suppose 0 = z*t - 64*t + 572. Calculate the highest common divisor of t and o.
26
Suppose 9894 = -210*q + 307*q. Calculate the greatest common factor of 170 and q.
34
Let a be 13179 - (8*(-4 - 56/(-16)) + 4). Calculate the greatest common factor of a and 46.
23
Suppose 3*j = -2*z + 18, -4*j + 2*j = -4. Let x be (4/(-12))/(((-50)/(-828))/(-25)). What is the greatest common factor of z and x?
6
Let i = -49 + 47. Let h be 6/(-1*(-3 - i - 1)). Suppose -5*u - 2*w = -76, -2*u - h*w + 2*w + 31 = 0. What is the highest common factor of u and 126?
14
Let t(b) = 106*b - 1844. Let o be t(18). Suppose 5*p = -4*a + 887 + 733, 4*a - 340 = -p. Calculate the highest common divisor of p and o.
64
Let a = 158 - 5. Let h = -105 + a. Calculate the highest common factor of 16 and h.
16
Suppose 24*m = 26*m + 48. Suppose o = -2 - 27. Let f = m - o. What is the highest common divisor of 45 and f?
5
Let d = 13 - 18. Let k be (d + -3)/(-1 + (-20)/(-22)). Let h(o) = o**2 + 2*o - 7. Let w be h(-5). What is the greatest common factor of k and w?
8
Let p = 2553 + 1323. Calculate the highest common divisor of 48 and p.
12
Let r be 29/(203/2555) - 13. Let f = 50 + -28. What is the highest common factor of f and r?
22
Suppose -62*t = -69 - 55. Suppose 23*j - 22*j = t*u - 41, -5 = 5*j. Calculate the greatest common divisor of u and 44.
4
Let k be -2 - (-2886)/12*(-1 + 3). Let l = k + -289. Calculate the highest common factor of l and 10.
10
Let t be 57792/1505 - 8/(-5). Calculate the greatest common factor of 1096 and t.
8
Let x(t) be the first derivative of t**2/2 - 3*t + 3. Let s be x(6). Let u = 38386 + -38347. What is the greatest common factor of s and u?
3
Let t(c) = c**3 - 11*c**2 - 23*c + 36. Let r(h) = h**2 + 28*h + 40. Let n be r(-27). Let q be t(n). What is the greatest common divisor of 10 and q?
5
Let y(r) = 416*r - 2837. Let i be y(7). What is the greatest common divisor of 285 and i?
15
Suppose 5*t - g - 2765 = 0, 2*t - 522 - 557 = -5*g. Let c = 622 - t. Calculate the highest common divisor of 130 and c.
10
Let t = -137 - -133. Let c be (-441)/t + 6/((-96)/4). Suppose -3*g - g = -40. What is the highest common divisor of c and g?
10
Suppose -1254 = -4*r - 362. Let t = r - 33. Let c = 30 + 46. Calculate the greatest common divisor of c and t.
38
Suppose -2733 = -f - 5*r, 0 = 4*f + 198*r - 202*r - 10764. What is the highest common factor of 76 and f?
38
Let w = -5788 - -5908. What is the highest common factor of 696 and w?
24
Let o(k) = k**2 + 6*k + 9. Let y be o(-8). Let u be -3 + 25 - (246 + -239). What is the greatest common factor of u and y?
5
Suppose 74 = -0*s - s + 5*t, 3*s = -3*t - 132. Let f = -57 - s. Let n = f - -16. Calculate the greatest common factor of n and 8.
8
Let l be 909/(-12)*2 + 1/2. Let s be l*(-2)/(-14) + 9/(-21). Let c = s - -28. What is the h